
-6
What is the value of 5 + -5 + -1 + -8?
-9
What is the value of -26 + (-52 - -20) - -25?
-33
What is (22 - (30 + -8)) + (4 - 1)?
3
What is (24 - (-9 + 16 + -2)) + -8?
11
What is (-1219 - -1212) + -1 + -26?
-34
What is (15 - (33 + 3 - 12)) + 34?
25
Evaluate 17 + -31 + 31 + -9.
8
What is 2 - (-11 + -9 + (18 - 4))?
8
What is the value of -13 + -76 + 123 + 2 + -14?
22
What is the value of 35 + (26 - -8) + -46?
23
(0 - -2) + 13 + (-12 - 0) + 6
9
(31 - 3 - -1) + (-124 - -115)
20
(21 - 4 - (-6 - -26)) + (11 - 1)
7
What is -5 + 13 + -27 - -7?
-12
Evaluate 8 + -14 + -9 + 7 + 0 + 4.
-4
What is 0 - -14 - 9 - -10 - -16?
31
(5 - (8 + -13 + 13)) + 2
-1
What is the value of 3 + (-27 - -2) + -3 + (-8 - -18)?
-15
Evaluate -5 + 16 + 1 + (5 - 7 - -2).
12
Evaluate 9 - 6 - (57 + -63).
9
Evaluate 13 - (-2 + -7 + 39).
-17
Evaluate -15 + 15 + -12 - (0 - 9).
-3
Calculate -19 - (1 - (0 - -37 - -18)).
35
(-4 - -5) + -3 + 15
13
What is (0 + 0 + -2 - 15) + -3 + 5?
-15
Calculate (-19 - 1 - (195 - 212)) + (0 - 0).
-3
What is 13 - (13 + 3) - 13?
-16
What is the value of -10 + (-10 - -18) + -4 + -10?
-16
What is the value of -4 + 2 + 6 + 8 - (11 - 14)?
15
What is the value of -8 - (-1 + 1 - 2 - (68 + -69))?
-7
What is 23 + 20 + -48 + 32?
27
Evaluate -35 - -5 - (-19 - -5) - 6.
-22
Calculate 11 - (7 + (-3 + -5 - -3)).
9
Calculate -10 - -5 - (-5 - (0 - 3)) - -19.
16
-1 + -1 - 1 - (215 + -208) - 0
-10
What is -27 + 8 + 1 + 6 + -6 + 1?
-17
Calculate (-1 - 54) + (209 - 182).
-28
(57 - 44) + -1 + -26 - -4
-10
Calculate 13 - (6 + 12 + -16).
11
Calculate 0 + -10 + -8 + 9 + 12.
3
What is 5 - (2 + 2 + 10) - -4?
-5
Evaluate -14 + 5 - 7 - -8.
-8
What is (35 - 46) + 20 - ((1 - 0) + 0)?
8
What is (33 - 41) + -11 + 4?
-15
What is the value of 24 - 18 - (4 + 5 + -17 - -1)?
13
What is the value of (2 + -4 - -2) + (31 - (42 + -10))?
-1
Calculate 234 + -234 + -1 + 3 + 0.
2
What is -1 + 1 + -2 + (4 - -33 - 43)?
-8
-16 - (-4 + -21) - (1 + 0)
8
-17 + -4 + 19 - (8 + 0)
-10
14 + (-20 - -20) + -29
-15
What is the value of (-2 - 1) + (-14 - -1) + (73 - 69)?
-12
What is the value of -1 + -2 + 77 + -84?
-10
5 + -1 + (29 - 16) - (1 - -3)
13
What is the value of 23 + (-29 + 7 - -18)?
19
What is -53 + (29 - 9) - -8?
-25
What is -27 + (-15 - -17) + 7?
-18
What is -2 + (-14 - -6 - (6 + -2))?
-14
Evaluate 2 + -17 + (-2 - (22 + -11 - 9)).
-19
Evaluate 16 - 2 - (-27 + 50 + -32).
23
What is the value of -10 + 20 + -17 + 11?
4
2 - -6 - (-6 - (5 - 18)) - -29
30
Calculate -2 + (-1 - -1) + 7 - (-259 - -260).
4
Evaluate ((3 - 1) + 3 - 11) + (10 - -11).
15
Calculate (8 - -6) + -18 + 19.
15
What is 53 - 18 - (29 + -1)?
7
What is (3 - (-9 - -52) - -9) + 1?
-30
What is the value of (-23 - (-6 + 3)) + (-19 - -17) + 6?
-16
Calculate (9 + 1 - (-5 - -7)) + 1 + 7.
16
What is 16 - 36 - -2 - (12 + -6)?
-24
What is 14 + 0 + (-7 - -16) + -6 + 0?
17
Calculate 6 + 4 + 2 + -10 + 4 + -5.
1
Evaluate 2 - (19 + 2) - (51 + -2 - 47).
-21
What is -3 + 21 - (2 - (15 + -26))?
5
What is the value of 2 - (-1 + 14 + -14)?
3
What is the value of 5 - 3 - -4 - (31 - 22)?
-3
Calculate (9 - (0 + -17)) + (14 - 22).
18
Evaluate (-1 - 3) + 2 + (15 - 9).
4
(-31 - -25) + (-1 - 3) + 9
-1
-6 + (0 - -9) + -15 + 12 - -14
14
What is (-20 - -15) + 6 + -8 - 5?
-12
Evaluate 0 - (-12 + 7 + 8 - -8) - -4.
-7
Calculate 3 + 2 + -76 + 85.
14
Evaluate -3 - ((-5 - 0) + (-6 - (7 - 5))).
10
14 + 2 - (-29 + (39 - 24))
30
What is the value of (-9 + -1 - -5) + 7 + 2 + -16?
-12
What is the value of -18 + -3 + 2 - (-79 + 69)?
-9
Calculate -1 + 2 + (10 - (8 - -11)).
-8
What is the value of 4 - ((2 - 3) + (-49 - -44) + 28)?
-18
What is the value of 21 + (-20 - -8) + 1?
10
Calculate 1 + -3 - -2 - (11 - -6 - 35).
18
What is -4 + (3 + 9 - 10) - -4?
2
What is (-3 - 3) + (-4 - (1 - -2 - 0))?
-13
(1 - -10 - (116 - 106)) + 1 + 4
6
Evaluate (6 + 16 - 2) + -19.
1
(18 - 16) + -6 + 10
6
Evaluate -15 - (3 - -7 - (2 + -5 + 23)).
-5
Calculate -10 + (3 - (6 + 1)) + 5 + -2.
-11
What is 1 - 0 - (44 - (50 + -12))?
-5
Calculate -31 + -16 + (36 - -1).
-10
(-5 - 1) + 17 + 5
16
What is -1 - -1 - (17 + (-70 - -14) - -7)?
32
Calculate -4 + 7 + -5 + (-2 - -7) - -8.
11
Calculate 6 - ((11 - 18) + 0).
13
Evaluate 14 - (-6 + 1 + 17 + -7).
9
Calculate (-66 - -62) + (-5 + -2 - -4).
-7
Evaluate 25 + -7 + -6 + -4.
8
What is the value of -204 + 179 + (1 - -2 - -2 - -2)?
-18
What is the value of 14 - (9 - 6) - 4?
7
Calculate 31 - ((806 - 801) + (0 - (-1 + 1))).
26
What is the value of 23 - 16 - (-3 - -18)?
-8
21 + (-22 - -12) - 17
-6
3 + -2 + 0 - (-15 - 16 - -46)
-14
Calculate (3 + 11 - -4) + 22 + -34 + 12.
18
Calculate 6 + -17 + -5 + -3.
-19
What is the value of -18 - (19 + -5 - 19) - 2?
-15
Evaluate (-68 - (-1 - 28)) + 23.
-16
17 - ((18 - 12 - 13) + -4)
28
(-24 - 24) + 0 + 19
-29
Evaluate -42 - (-2 + -7 + 1).
-34
Evaluate -1 + (15 - (8 - -4)) - (1 - 2).
3
(-5 - 5) + (3 + -8 + 2 - -7)
-6
Evaluate 3 + 13 + -28 + (-7 - -14).
-5
What is (14 - -1) + (-2 - 9 - -8) + 1?
13
-4 - (1 - 8) - (8 - 4)
-1
Calculate 5 + 5 - (-9 - -6).
13
What is the value of -1 + 4 + -3 + (299 - 300)?
-1
What is the value of 5 + 1 - (-1 + -2 - (-51 - -46))?
4
Evaluate (17 - 3) + -14 + 0.
0
Calculate (32 - 0) + 7 + -19.
20
5 + (-7 - 6) + -21 + 20
-9
3 + -3 - (9 - (-3 + -7 - -1))
-18
Calculate 47 + -28 - (-3 + 10) - (0 - -1).
11
(-22 - -15) + 3 + (1 - 1) - 5
-9
What is the value of 10 + (7 + -9 + 11 - (9 + -12))?
22
Evaluate -7 + (21 - 16) + 17.
15
What is the value of (17 - (-8 - (-18 + 2))) + 9 + -2?
16
What is the value of (-19 - -20) + 19 - 40?
-20
Evaluate (-4 - -13) + (-1 - -8) + 19.
35
What is the value of 17 + -5 + -67 + 20 - (-3 + -6)?
-26
What is the value of (1 - -4) + -10 + 10 - -2?
7
What is the value of -5 - 2 - (-107 + 108)?
-8
-2 + -1 - (25 + (-2 - 4) - 9)
-13
What is 5 + 9 + 0 + -5 - 9?
0
-13 - (1 + 0 - 10 - (-440 - -439))
-5
Evaluate 4 + -2 + 13 + -5 + -29.
-19
0 + -11 - (-2 + (0 - 2))
-7
Calculate -38 + (61 - 6) - 29.
-12
Evaluate -5 - ((19 - (51 + -17)) + 27).
-17
What is the value of -31 - -32 - (-9 + -2)?
12
Calculate (-2 - (-3 + -7)) + 69 + -79.
-2
(-16 + 2 - (-8 - -11)) + 5 + 5
-7
Evaluate 2 + 5 + (10 - 4) + -1 + -9.
3
Calculate -11 - (-7 + 0) - -8 - 6.
-2
7 + 6 + 6 + -9 + 4
14
354 - 344 - (7 - (2 + -1))
4
Calculate -28 - (39 + -29 + -14).
-24
-3 - -7 - (-22 + 7) - (1 + 1)
17
What is the value of -10 + -3 + 38 - 5?
20
Evaluate (18 - -5) + (-72 - -59) + -4.
6
What is (-5 - -17 - 26 - -10) + (4 - 33)?
-33
What is the value of -7 - (-12 - (3 + (1 - 9)))?
0
(-25 - (-5 + (-5 - -6 - -11))) + -5
-37
Calculate -10 - 0 - (81 - (-71 + 147)).
-15
Evaluate 22 + 17 + -34 + 9.
14
Calculate -19 + -3 + 19 + -7 - -4.
-6
What is the value of -1 + 19 + (-78 - -72)?
12
(0 - 1) + 4 + -57 + 51
-3
-25 - (-3 + -25 + 17)
-14
Evaluate (3 + 1 - (-3 - -3)) + -7.
-3
Calculate (-14 - (-19 - 4)) + 2 + -3 + -3.
5
Calculate 1 + 25 - (396 - 405).
35
Evaluate 3 - 1 - (-4 + -17 - -24).
-1
What is the value of 22 - (8 - (5 + (-1 - 6)))?
12
What is 3 + (4 - (1 - (-2 + -3)) - -4)?
5
Evaluate 2 + 14 + (-13 - -9).
12
What is -4 + (8 - (-3 - 7))?
14
-11 + (-5 - -5) - (-4 - (1 - -2))
-4
What is (-5 - -20) + 3 - (56 - 27)?
-11
What is the value of 38 - 91 - -18 - -49?
14
Calculate (30 + -31 - 47) + 42.
-6
What is the value of 21 - (-16 - ((3 - 9 - 9) + 5))?
27
6 + 1 + -3 - (83 - 66)
-13
-2 - (13 + -3 - 28) - -19
35
Evaluate -10 + (25 - 9) + -7.
-1
(19 + 8 + -14 - 2) + -6
5
What is the value of 115 - 108 - (1 - 0)?
6
What is the value of 21 - -3 - (2 + 47)?
-25
Evaluate -74 - -58 - (0 - 0) - -12.
-4
Calculate 1 + (23 + -22 - (3 - (0 - 0))).
-1
(0 - 9) + -3 + 0 + (6 - -3)
-3
What is (6 + -14 - -14) + (-1 - 6) + 2?
1
-3 + (27 - 45) + 33
12
What is the value of 0 + 19 + 151 + -167?
3
Evaluate (-10 - (-1 - 1)) + (217 - 225).
-16
What is -9 + 1 + (-2 - (-39 - -25))?
4
What is the value of 13 + (-12 + -7 - -7)?
1
-3 - 6 - (45 - 41 - (30 + 1))
18
What is (12 - -2) + -1 + (-1 - 6) + 13?
19
Calculate (10 + -27 - -10) + 2 + 1 + -1.
-5
Calculate 2 - 7 - (5 - 24).
14
What is -6 - -14 - (2 + -4 + 7)?
3
Calculate 5 + 1 + (-6 - -3) + -1.
2
(-12 - (-65 - -32)) + -22
-1
Evaluate -15 - (19 - 12 - 21).
-1
What is (46 + -19 - (9 + 0)) + (-6 - -4)?
16
Calculate (15 - (1 + -2)) + -3 - (3 - -4).
6
Calculate 1 - 2 - (9 + -18 + 28 + 1).
-21
(1 - -3 - (-26 - -23)) + (-31 - -10)
-14
-